(-4)/(-10)). Let b(q) = 17*q**2 - s - 8*q**2 + 4*q**2. What are the prime factors of b(2)?
2, 5
Let h be 0/(1*4/(-2)). Suppose -l + 2 + 2 = h. Suppose 4*x = -l*z + 168, 0*z = -5*z + 15. What are the prime factors of x?
3, 13
Let a be (595/14)/17*88/10. Let r = a - 7. List the prime factors of r.
3, 5
What are the prime factors of (53412/(-26))/(-2) + 6/(-39)?
13, 79
Suppose -46*m = -2376 - 16. What are the prime factors of m?
2, 13
Let h = 1516 + -742. What are the prime factors of h?
2, 3, 43
Suppose -35 + 167 = -4*y. Let a = -108 + y. Let m = -95 - a. List the prime factors of m.
2, 23
Let g = 8336 + -5383. What are the prime factors of g?
2953
Suppose -1511 = 16*k - 5687. What are the prime factors of k?
3, 29
Let j(w) = -26*w**3 + 1. Suppose -3*a = -4*x - 3 - 0, -3*x = 5*a - 5. Let r be j(a). Let d = -21 - r. What are the prime factors of d?
2
Suppose -131*f = -126*f - 2165. What are the prime factors of f?
433
Let d(y) = 166*y**2 - 4*y - 3. List the prime factors of d(-1).
167
Let j be (9/12)/((-2)/(-8)). Suppose y - u + 338 = j*y, 5*u = 2*y - 326. List the prime factors of y.
2, 3, 7
Let l(o) = -o + 8. Let w be l(4). Let f(i) = i**3 + 4*i - 5. What are the prime factors of f(w)?
3, 5
Suppose -y + 25 = 4*y, -2*g + 2*y = -330. Suppose -5*i - 3*a - 2 = -3*i, -i = 4*a + 11. List the prime factors of g/i - (0 - 1).
5, 7
Suppose 1362 = -100*c + 102*c - 2*p, 2*c - 3*p = 1364. What are the prime factors of c?
7, 97
Let x(m) be the first derivative of 5*m**4/4 - 4*m**3/3 + 2*m**2 - 3*m + 19. Let j = 8 + -6. List the prime factors of x(j).
29
Let r = 40 - 37. Let p(n) = -n**3 + 4*n**2 - 2*n + 1. What are the prime factors of p(r)?
2
Suppose 5*p = -f + 858, 5*p = -3*f + 1994 + 600. List the prime factors of f.
2, 7, 31
List the prime factors of -8 + 8 + 4/2 + 211.
3, 71
Let o = 20 - -227. What are the prime factors of o?
13, 19
Suppose -3*n + 224 = g - 5*n, -3*g + 5*n = -675. What are the prime factors of g?
2, 5, 23
Let w(q) = 10*q**2 - 25*q + 88. What are the prime factors of w(-17)?
41, 83
Let m be 64/6*(14 - 20). Let f = -44 - m. Suppose 3*z - 2*z + 2 = 5*d, -5*d = 5*z - f. What are the prime factors of z?
3
Let d = -106 + 369. List the prime factors of d.
263
Suppose -9*d = 17 - 197. Let u(g) = 7*g - 31. List the prime factors of u(d).
109
Suppose -6 = -2*k - 0. Let s(t) = t**2 + 13*t + 5. Let x be s(-13). Suppose 5*b - 4*j = 142, 7 = x*j - k. What are the prime factors of b?
2, 3, 5
Suppose -6*r + 3030 = -1098. What are the prime factors of r?
2, 43
Let j = 1184 - 530. List the prime factors of j.
2, 3, 109
Suppose 3*n - 1337 = -0*h + h, 4*n - 1772 = 4*h. List the prime factors of n.
3, 149
Let v be (-3 - (3 - -14))*(-108)/(-15). Let w = v + 236. List the prime factors of w.
2, 23
List the prime factors of (14/21)/((-9903)/3303 - -3).
367
Let c = -398 - -842. List the prime factors of c.
2, 3, 37
Suppose -77 = -4*c + 5*s - 0*s, -s + 26 = c. Suppose 5*r + 3*y - c = -0*y, -9 = -2*r - y. List the prime factors of r.
2
Let q(b) = -3*b + 5. Let z be q(3). Let m be (204/(-15) + z)*-5. List the prime factors of ((-2)/2)/((-2)/m).
2, 11
Let n be -6 + -1*(2 + 1). Let j = 12 + n. Suppose 6 = -2*m + j*m. What are the prime factors of m?
2, 3
Let y be (2*-2)/(-4)*-5. Let c(g) = g**3 + 6*g**2 - g + 1. Let d be c(y). What are the prime factors of 1/((-1)/d*-1)?
31
Suppose -2*u = 0, 0 = -0*h - 3*h - 3*u + 756. What are the prime factors of h?
2, 3, 7
Let m = -3250 + -254. List the prime factors of (-1)/(-3)*m/(-4).
2, 73
Suppose 4*r - 21 = 7. Suppose r*w + 132 = 4*w. What are the prime factors of ((-15)/10)/(6/w)?
11
Let u(c) = c**3 - 11*c**2 - 7*c + 12. What are the prime factors of u(13)?
7, 37
Let z be 5*-1*(-51)/85. List the prime factors of (z + (-3 - -2))/((-6)/(-159)).
53
Suppose 2*g - 1980 = -2*m + 958, -m - 3*g + 1459 = 0. What are the prime factors of m?
2, 11, 67
Suppose 8*o = 4*o + 32. Suppose 11*c = 10*c - 4, 0 = 2*b + 2*c + 6. Suppose -h + o = -b. List the prime factors of h.
3
Let p(z) = z**3 - 7*z**2 - 5*z - 16. Let q be p(8). List the prime factors of (-639)/(-8) + 1/q.
2, 5
Let u(p) = p + 9. Let b be 1*(-4 - -2 - -8). Let t be u(b). Let i = t - 11. What are the prime factors of i?
2
Let g be 20/6*(-24)/(-16). Suppose -p = 2*r - 0*r - 97, -25 = g*p. List the prime factors of r.
3, 17
Let d = -53 - -53. Suppose b - 168 - 37 = d. What are the prime factors of b?
5, 41
Suppose 3*h = 2*l + 86, 3*h - 188 = 4*l + h. Let j = l + 73. What are the prime factors of j?
2, 3
Let l(j) = 8 - 39*j - 8. Let b be l(1). Let h = b - -57. List the prime factors of h.
2, 3
Let a(z) = z**3 - z**2 + 5. Let s be a(0). Suppose s*x + 5*w - 5 = 0, 8*x - 5*w = 3*x + 45. Suppose -62 = -x*c + 83. List the prime factors of c.
29
Let p = -11 + 19. Let a(h) = 5*h - 19. Let u be a(p). Let s = u - 13. List the prime factors of s.
2
Suppose 137 = 6*r - 49. Let d = -89 + r. List the prime factors of d*(15/10 - 2).
29
Let f(w) = 5*w - 37. Let j(r) = 2*r - 12. Let s(k) = k**2 + 7*k + 3. Let m be s(-6). Let v(y) = m*f(y) + 8*j(y). List the prime factors of v(7).
2, 11
Suppose 4*w + 289 = -m + 6825, w + 2*m - 1634 = 0. Suppose -w = -15*a + 1666. What are the prime factors of a?
2, 5, 11
Suppose -37 = 8*h - 77. List the prime factors of h.
5
Suppose -18*g + 12071 = -691. List the prime factors of g.
709
Suppose -82 = 33*y - 35*y. What are the prime factors of (-11 + y)*24/10*1?
2, 3
Suppose a = 3*a - 66. Let k be (-4)/8 - a/(-6). Suppose k*g - 3*g - 14 = 0. What are the prime factors of g?
7
Let b(p) = 94*p - 14. Let k(g) = -47*g + 7. Let t(r) = -6*b(r) - 14*k(r). What are the prime factors of t(2)?
2, 3, 29
Suppose -23*q + 13095 = -8*q. What are the prime factors of q?
3, 97
Let s(x) = 3*x**3 + 5*x**2 - 5*x. Let o be s(4). Suppose y + o = -2*y. Let c = 127 + y. What are the prime factors of c?
43
Suppose -3*q - 39 = -2*n, -5*n + 2*n + 3*q = -63. Suppose -3*p + 37 = 4*i - 0*i, 4*p - n = i. What are the prime factors of (5 - p)*(-87)/6?
29
Let w(z) be the first derivative of 3 - 1/4*z**4 - 7*z + 5/2*z**2 + z**3. What are the prime factors of w(3)?
2
Let t = -178 - -678. List the prime factors of t.
2, 5
Suppose 0 = 81*u - 62*u - 10906. What are the prime factors of u?
2, 7, 41
Suppose -63*j = -22*j - 123. What are the prime factors of j?
3
Let m(v) = 2*v**2 + 2. Let r be m(2). Suppose 8*i = 3*i - r. What are the prime factors of 217/(-14)*4/i?
31
Suppose -5*z - 1 = -16. Suppose z*j + 150 = j. Let t = 112 + j. What are the prime factors of t?
37
Suppose -10326 = -2*s + 4*i - 9*i, 25798 = 5*s + 4*i. What are the prime factors of s?
2, 2579
Suppose 5*h - 39 = 41. Suppose -c + h = -26. Suppose 0 = 3*u + 3, 0 + c = m - 5*u. List the prime factors of m.
37
Let n(v) = -v**2 - 17*v - 13. Suppose 5*j - u - 7 = -67, 3*u = 2*j + 24. List the prime factors of n(j).
47
Suppose -29*j + 6462 = -11025. What are the prime factors of j?
3, 67
Let z(b) = 2*b**3 + 46*b**2 + 22*b - 2. What are the prime factors of z(-16)?
2, 5, 17, 19
Let s(c) = 18*c + 17. Let z be s(3). Let l = 142 - z. List the prime factors of l.
71
Suppose -4*i - 2*n - 4 = n, -4*i - 4*n = 0. Let y(p) = 2*p**2 - 7*p - 7. What are the prime factors of y(i)?
53
Let j(p) be the second derivative of -2*p**3 - 63*p**2/2 - 9*p. What are the prime factors of j(-21)?
3, 7
Suppose 3*t + 2*v = 3*v - 94, -t + 3*v - 34 = 0. Let d = -72 - -125. Let c = t + d. List the prime factors of c.
2, 11
Let j(k) = 37*k**2 - 5*k + 21. What are the prime factors of j(4)?
593
Suppose 137*k - 45729 = 128*k. List the prime factors of k.
5081
Let m be 22/((0 + -2)/54). List the prime factors of m/(-24)*8/3.
2, 3, 11
Let o = 90 - 57. Let i = -118 + o. Let y = i + 166. What are the prime factors of y?
3
Suppose -2*j - 2*w = w + 20, 0 = j + 4*w. Let s = 6 + 21. Let b = j + s. List the prime factors of b.
11
Let i = 619 - 368. What are the prime factors of i?
251
List the prime factors of 30485/315 + (-2)/(-9).
97
What are the prime factors of ((55 - 6) + 16/(-4))*3?
3, 5
Let k(l) = -4*l**2 - 3*l + 5. Let a be k(-4). Let o = -286 + 398. Let y = a + o. List the prime factors of y.
5, 13
Suppose 5*j - 4173 = -2*s, j - 510 = -3*s + 322. List the prime factors of j.
5, 167
Let y(r) be the third derivative of r**6/120 - 7*r**5/60 - r**4/3 + 4*r**3/3 + 5*r**2. List t